{"id":2560,"date":"2018-11-11T12:07:28","date_gmt":"2018-11-11T11:07:28","guid":{"rendered":"https:\/\/2018.granada.wordcamp.org\/?page_id=2560"},"modified":"2018-11-18T03:03:10","modified_gmt":"2018-11-18T02:03:10","slug":"casa-de-porras%ef%bb%bf","status":"publish","type":"page","link":"https:\/\/granada.wordcamp.org\/2018\/streetnetworking\/casa-de-porras%ef%bb%bf\/","title":{"rendered":"#6 Casa de Porras\ufeff"},"content":{"rendered":"\n<p>En esta ubicaci\u00f3n podr\u00e9is rozar la esencia del Albaic\u00edn granadino (Albayz\u00edn si os pon\u00e9is puristas, o <em>El Ilbis\u00edn<\/em>, si sois de por aqu\u00ed, o quer\u00e9is parecerlo). La <strong>Casa de Porras<\/strong> es una casa palaciega construida en el siglo XVI. Su portada es de estilo renacentista esculpida en piedra. La construcci\u00f3n tiene trazas nazar\u00edes y fue una de las primeras edificaciones realizadas tras la conquista de Granada en 1492 por los Reyes Cat\u00f3licos.<\/p>\n\n\n\n<div class=\"wp-block-image\"><figure class=\"aligncenter\"><img loading=\"lazy\" decoding=\"async\" width=\"450\" height=\"450\" src=\"https:\/\/2018.granada.wordcamp.org\/files\/2018\/11\/CASA-DE-PORRAS-1.jpg\" alt=\"\" class=\"wp-image-2738\" srcset=\"https:\/\/granada.wordcamp.org\/2018\/files\/2018\/11\/CASA-DE-PORRAS-1.jpg 450w, https:\/\/granada.wordcamp.org\/2018\/files\/2018\/11\/CASA-DE-PORRAS-1-150x150.jpg 150w, https:\/\/granada.wordcamp.org\/2018\/files\/2018\/11\/CASA-DE-PORRAS-1-300x300.jpg 300w\" sizes=\"auto, (max-width: 450px) 100vw, 450px\" \/><figcaption>Portada renacentista de La Casa de Porras. Tambi\u00e9n aparecen un muchacho y un perriyo, pero no viene al caso [<a href=\"https:\/\/rinconesdegranada.com\/casa-de-porras\" target=\"_blank\" rel=\"noreferrer noopener\">Rincones de Granada<\/a>]<\/figcaption><\/figure><\/div>\n\n\n\n<p>Su nombre se atribuye a Alonso de Porras y m\u00e1s tarde a Pedro de Porras y Morales (datos no fundados), de quien s\u00ed hay constancia que fue propietaria es Mar\u00eda de Porras, que la hered\u00f3 de su hermano Miguel.<\/p>\n\n\n\n<div class=\"wp-block-image\"><figure class=\"aligncenter\"><img loading=\"lazy\" decoding=\"async\" width=\"4256\" height=\"2832\" src=\"https:\/\/2018.granada.wordcamp.org\/files\/2018\/11\/casaporras2.jpg\" alt=\"\" class=\"wp-image-2739\" srcset=\"https:\/\/granada.wordcamp.org\/2018\/files\/2018\/11\/casaporras2.jpg 4256w, https:\/\/granada.wordcamp.org\/2018\/files\/2018\/11\/casaporras2-300x200.jpg 300w, https:\/\/granada.wordcamp.org\/2018\/files\/2018\/11\/casaporras2-768x511.jpg 768w, https:\/\/granada.wordcamp.org\/2018\/files\/2018\/11\/casaporras2-1024x681.jpg 1024w, https:\/\/granada.wordcamp.org\/2018\/files\/2018\/11\/casaporras2-451x300.jpg 451w\" sizes=\"auto, (max-width: 4256px) 100vw, 4256px\" \/><figcaption>No es f\u00e1cil que os dejen entrar un domingo, porque su uso es universitario, pero quiz\u00e1 pod\u00e1is asomar la nariz mientras pregunt\u00e1is al se\u00f1or de seguridad [<a href=\"https:\/\/canal.ugr.es\/noticia\/matricula-talleres-casa-de-porras\/\" target=\"_blank\" rel=\"noreferrer noopener\">Canal UGR<\/a>]<\/figcaption><\/figure><\/div>\n\n\n\n<p>En la actualidad pertenece y est\u00e1 gestionada por la Universidad de Granada, y se trata de un centro cultural &nbsp;donde se realizan m\u00faltiples talleres, cursos, exposiciones, etc.<\/p>\n\n\n\n<h2 class=\"wp-block-heading\"><strong>Reto en este punto<\/strong><\/h2>\n\n\n\n<p>\u00a1El reto es llegar hasta aqu\u00ed! El barrio del Albaic\u00edn puede resultar laber\u00edntico&#8230; Pero \u00e9ste punto en realidad es f\u00e1cil, y te damos pistas: sube por la calle Calderer\u00eda Nueva (trasl\u00e1date a otro continente por unos momentos) y cont\u00edn\u00faa por la cuesta de San Gregorio hasta que se estreche \u00abdemasiado\u00bb. A la derecha est\u00e1 la Casa de Porras, donde podr\u00e1s hacer tu foto. \u00a1Tambi\u00e9n puedes intentarlo desde Plaza Nueva! <\/p>\n\n\n\n<h2 class=\"wp-block-heading\">Ubicaci\u00f3n<\/h2>\n\n\n\n<p><a href=\"https:\/\/www.google.com\/maps\/place\/Casa+de+Porras\/@37.1783781,-3.5973733,17z\/data=!3m1!4b1!4m5!3m4!1s0xd71fcb89eecac2f:0x8c94fa161d770c7b!8m2!3d37.1783781!4d-3.5951793\" target=\"_blank\" rel=\"noreferrer noopener\">Casa de Porras, Placeta Porras, Granada<\/a><\/p>\n\n\n\n<p><a href=\"https:\/\/2018.granada.wordcamp.org\/streetnetworking\/\">\u2190 Volver a Street Networking WCGranada<\/a><\/p>\n","protected":false},"excerpt":{"rendered":"<p>En esta ubicaci\u00f3n podr\u00e9is rozar la esencia del Albaic\u00edn granadino (Albayz\u00edn si os pon\u00e9is puristas, o El Ilbis\u00edn, si sois de por aqu\u00ed, o quer\u00e9is parecerlo). La Casa de Porras es una casa palaciega construida en el siglo XVI. Su portada es de estilo renacentista esculpida en piedra. La construcci\u00f3n tiene trazas nazar\u00edes y fue [&hellip;]<\/p>\n","protected":false},"author":223145,"featured_media":0,"parent":2528,"menu_order":0,"comment_status":"closed","ping_status":"closed","template":"","meta":{"jetpack_post_was_ever_published":false,"footnotes":""},"class_list":["post-2560","page","type-page","status-publish","hentry"],"jetpack_sharing_enabled":true,"jetpack_shortlink":"https:\/\/wp.me\/P9ygk4-Fi","_links":{"self":[{"href":"https:\/\/granada.wordcamp.org\/2018\/wp-json\/wp\/v2\/pages\/2560","targetHints":{"allow":["GET"]}}],"collection":[{"href":"https:\/\/granada.wordcamp.org\/2018\/wp-json\/wp\/v2\/pages"}],"about":[{"href":"https:\/\/granada.wordcamp.org\/2018\/wp-json\/wp\/v2\/types\/page"}],"author":[{"embeddable":true,"href":"https:\/\/granada.wordcamp.org\/2018\/wp-json\/wp\/v2\/users\/223145"}],"replies":[{"embeddable":true,"href":"https:\/\/granada.wordcamp.org\/2018\/wp-json\/wp\/v2\/comments?post=2560"}],"version-history":[{"count":7,"href":"https:\/\/granada.wordcamp.org\/2018\/wp-json\/wp\/v2\/pages\/2560\/revisions"}],"predecessor-version":[{"id":2740,"href":"https:\/\/granada.wordcamp.org\/2018\/wp-json\/wp\/v2\/pages\/2560\/revisions\/2740"}],"up":[{"embeddable":true,"href":"https:\/\/granada.wordcamp.org\/2018\/wp-json\/wp\/v2\/pages\/2528"}],"wp:attachment":[{"href":"https:\/\/granada.wordcamp.org\/2018\/wp-json\/wp\/v2\/media?parent=2560"}],"curies":[{"name":"wp","href":"https:\/\/api.w.org\/{rel}","templated":true}]}}