{"id":11,"date":"2024-01-26T21:28:57","date_gmt":"2024-01-26T20:28:57","guid":{"rendered":"https:\/\/granada.wordcamp.org\/2024\/location\/"},"modified":"2024-09-19T17:09:23","modified_gmt":"2024-09-19T15:09:23","slug":"ubicacion","status":"publish","type":"page","link":"https:\/\/granada.wordcamp.org\/2024\/ubicacion\/","title":{"rendered":"Ubicaci\u00f3n"},"content":{"rendered":"\n<div class=\"wp-block-group alignfull has-custom-gold-1-background-color has-background has-global-padding is-layout-constrained wp-container-core-group-is-layout-f023e98c wp-block-group-is-layout-constrained\" style=\"margin-top:0;margin-bottom:var(--wp--preset--spacing--50);padding-top:200px;padding-right:0;padding-bottom:var(--wp--preset--spacing--60);padding-left:0;background-image:url(&apos;https:\/\/granada.wordcamp.org\/2024\/files\/2024\/05\/tile-sand-border-3px.png&apos;);background-position:82% 43%;background-repeat:no-repeat;background-size:auto;\">\n<h1 class=\"wp-block-heading has-text-align-center is-style-default\" style=\"padding-top:0;padding-bottom:0\">Ubicaci\u00f3n<\/h1>\n<\/div>\n\n\n\n<p>\ud83d\udccd D\u00eda 26: Todo el congreso transcurrir\u00e1 en el <strong><a href=\"https:\/\/g.co\/kgs\/ALJum7t\" target=\"_blank\" rel=\"noreferrer noopener\">Palacio de Congresos de Granada<\/a><\/strong><br>\ud83d\udccd D\u00eda 26: After Party &#8211; <strong>La Terraza de Ganivet<\/strong>.\u00a0<a href=\"https:\/\/www.google.com\/maps\/place\/\/data=!4m2!3m1!1s0xd71fcbc18aed281:0xc1f6caf45357ad28?sa=X&amp;ved=1t:8290&amp;ictx=111\">C. \u00c1ngel Ganivet, 13, Centro, 18009 Granada<\/a>\u00a0(Entrar por arriba)<br>\ud83d\udccd D\u00eda 27: <a href=\"https:\/\/granada.wordcamp.org\/2024\/session\/contributor-day\/\" data-type=\"wcb_session\" data-id=\"4065\">Contributor Day<\/a>: <strong><a href=\"https:\/\/g.co\/kgs\/yDDmL4B\" target=\"_blank\" rel=\"noreferrer noopener\">Digital Business Hub Granada<\/a><\/strong><\/p>\n\n\n\n<h2 class=\"wp-block-heading\">Palacio de Congresos de Granada<\/h2>\n\n\n\n<p>Palacio de Congresos de Granada<br>Paseo del Viol\u00f3n, S\/N<br>18006 Granada<\/p>\n\n\n\n<div class=\"googlemaps\">\n\t\t\t\t<iframe loading=\"lazy\" width=\"980\" height=\"450\" frameborder=\"0\" scrolling=\"no\" marginheight=\"0\" marginwidth=\"0\"  src=\"https:\/\/www.google.com\/maps\/embed?pb=!1m18!1m12!1m3!1d3780.9983796415577!2d-3.601271777452734!3d37.166298769981296!2m3!1f0!2f0!3f0!3m2!1i1024!2i768!4f13.1!3m3!1m2!1s0xd71fca305aa656b:0xde24e4346346018!2sPalacio%20de%20Congresos%20de%20Granada!5e0!3m2!1ses!2ses!4v1717180550736!5m2!1ses!2ses\"><\/iframe>\n\t\t\t<\/div>\n\n\n\n<p><\/p>\n\n\n\n<h2 class=\"wp-block-heading\">C\u00f3mo llegar<\/h2>\n\n\n\n<h3 class=\"wp-block-heading\">Si vienes desde los principales puntos<\/h3>\n\n\n\n<ul class=\"wp-block-list\">\n<li><strong>Estaci\u00f3n de autobuses o estaci\u00f3n de tren<\/strong>:\n<ul class=\"wp-block-list\">\n<li>Metro: Toma el Metropolitano de Granada direcci\u00f3n Armilla y baja en la parada \u00abAlc\u00e1zar del Genil\u00bb (esta parada est\u00e1 ubicada en el Camino de Ronda). Desde ah\u00ed, camina hacia la rotonda que tiene un helic\u00f3ptero (direcci\u00f3n sur) y cuando llegues a la rotonda toma la calle que queda a tu izquierda, a 300 m. encontrar\u00e1s el Palacio de Congresos.<\/li>\n\n\n\n<li>UBER: Algo m\u00e1s caro que el Metropolitano, pero con la ventaja que vas de puerta a puerta sin tener que andar, sobre todo si llevas equipaje.<\/li>\n<\/ul>\n<\/li>\n\n\n\n<li><strong>Aeropuerto de Granada<\/strong>:\n<ul class=\"wp-block-list\">\n<li>Bus: Toma el bus que conecta el aeropuerto con la ciudad, tiene un coste de 3 \u20ac y la \u00faltima parada es el Palacio de Congresos.<\/li>\n\n\n\n<li>Taxi: Hay taxis que se pueden tomar tanto en el aeropuerto como en la ciudad. La tarifa aproximada desde\/hac\u00eda el aeropuerto son 20-25 \u20ac, pero depender\u00e1 de lo que marque el tax\u00edmetro.<\/li>\n\n\n\n<li>UBER: Seg\u00fan d\u00eda y hora, pero se aproxima a la tarifa del taxi tradicional.<\/li>\n<\/ul>\n<\/li>\n<\/ul>\n\n\n\n<h3 class=\"wp-block-heading\"><strong>Si vienes desde cualquier otro sitio<\/strong><\/h3>\n\n\n\n<ul class=\"wp-block-list\">\n<li><strong>En metro<\/strong>:\n<ul class=\"wp-block-list\">\n<li>Toma la \u00fanica l\u00ednea que hay en direcci\u00f3n Armilla. \u00a1Simple!<\/li>\n\n\n\n<li>Baja en&nbsp;\u00abAlc\u00e1zar del Genil\u00bb (esta parada est\u00e1 ubicada en el Camino de Ronda) y desde ah\u00ed camina hacia la rotonda que tiene un helic\u00f3ptero (direcci\u00f3n sur), cuando llegues a la rotonda toma la calle que queda a tu izquierda, a 300 m. encontrar\u00e1s el Palacio de Congresos.<\/li>\n<\/ul>\n<\/li>\n\n\n\n<li><strong>En bus urbano (buses rojos y gris-azul)<\/strong>:\n<ul class=\"wp-block-list\">\n<li>Toma cualquiera de estas l\u00edneas 4, 8, 11, 21, 13, SN4, C7 y todas las l\u00edneas de la zona sur (S1, S2, S3)<\/li>\n\n\n\n<li>Baja en cualquiera de estas paradas: Palacio de Congresos, Profesor Tierno Galv\u00e1n \u2013 Palacio de Congresos, Plaza Rotary, Paseo del Viol\u00f3n, Poeta Manuel de G\u00f3ngora.&nbsp;Todas estas paradas pertenecen a un mismo intercambiador de transportes que rodea el edificio del Palacio de Congresos.<\/li>\n<\/ul>\n<\/li>\n\n\n\n<li><strong>En bus Interurbano (buses amarillos)<\/strong>:\n<ul class=\"wp-block-list\">\n<li>Toma cualquiera de estas l\u00edneas:\n<ul class=\"wp-block-list\">\n<li>Aeropuerto de Granada (esta l\u00ednea empieza y termina en el Palacio de Congresos, tiene una tarifa especial de 3\u20ac).<\/li>\n\n\n\n<li>Corredor Armilla \u2013 Churriana \/ Las Gabias \/ Alhend\u00edn \/ Otura: 151, 154, 155, 156, 157, 160, 360, etc.<\/li>\n\n\n\n<li>Corredor Og\u00edjares y la Zubia \u2013 G\u00f3jar \/ D\u00edlar: 170, 171, 174A, 174B, 175, 176, 177, etc.<\/li>\n\n\n\n<li>Corredor Huetor Vega \u2013 Monachil \/ C\u00e1jar: 181, 183, 184.<\/li>\n\n\n\n<li>Corredor Cenes de la Vega: SN1.<\/li>\n<\/ul>\n<\/li>\n\n\n\n<li>Baja en las paradas: Palacio de Congresos o Plaza Rotary o Parque Sur de Bomberos.&nbsp;Todas estas paradas pertenecen a un mismo intercambiador de transportes que rodea el edificio del Palacio de Congresos.<\/li>\n<\/ul>\n<\/li>\n\n\n\n<li><strong>En coche<\/strong>: Dado que es zona c\u00e9ntrica el aparcamiento y el desplazamiento libre en coche est\u00e1 limitado.\n<ul class=\"wp-block-list\">\n<li>Parkings cercanos: Parking Palacio de Congresos, Parking Viol\u00f3n y Parking Escolapios.<\/li>\n<\/ul>\n<\/li>\n<\/ul>\n\n\n\n<p><\/p>\n","protected":false},"excerpt":{"rendered":"<p>Ubicaci\u00f3n \ud83d\udccd D\u00eda 26: Todo el congreso transcurrir\u00e1 en el Palacio de Congresos de Granada\ud83d\udccd D\u00eda 26: After Party &#8211; La Terraza de Ganivet.\u00a0C. \u00c1ngel Ganivet, 13, Centro, 18009 Granada\u00a0(Entrar por arriba)\ud83d\udccd D\u00eda 27: Contributor Day: Digital Business Hub Granada Palacio de Congresos de Granada Palacio de Congresos de GranadaPaseo del Viol\u00f3n, S\/N18006 Granada C\u00f3mo [&hellip;]<\/p>\n","protected":false},"author":16614963,"featured_media":0,"parent":0,"menu_order":0,"comment_status":"closed","ping_status":"closed","template":"wp-custom-template-es-pagina-sin-titulo","meta":{"jetpack_post_was_ever_published":false,"footnotes":""},"class_list":["post-11","page","type-page","status-publish","hentry"],"jetpack_sharing_enabled":true,"_links":{"self":[{"href":"https:\/\/granada.wordcamp.org\/2024\/wp-json\/wp\/v2\/pages\/11","targetHints":{"allow":["GET"]}}],"collection":[{"href":"https:\/\/granada.wordcamp.org\/2024\/wp-json\/wp\/v2\/pages"}],"about":[{"href":"https:\/\/granada.wordcamp.org\/2024\/wp-json\/wp\/v2\/types\/page"}],"author":[{"embeddable":true,"href":"https:\/\/granada.wordcamp.org\/2024\/wp-json\/wp\/v2\/users\/16614963"}],"replies":[{"embeddable":true,"href":"https:\/\/granada.wordcamp.org\/2024\/wp-json\/wp\/v2\/comments?post=11"}],"version-history":[{"count":13,"href":"https:\/\/granada.wordcamp.org\/2024\/wp-json\/wp\/v2\/pages\/11\/revisions"}],"predecessor-version":[{"id":4813,"href":"https:\/\/granada.wordcamp.org\/2024\/wp-json\/wp\/v2\/pages\/11\/revisions\/4813"}],"wp:attachment":[{"href":"https:\/\/granada.wordcamp.org\/2024\/wp-json\/wp\/v2\/media?parent=11"}],"curies":[{"name":"wp","href":"https:\/\/api.w.org\/{rel}","templated":true}]}}