{"id":3900,"date":"2024-07-31T19:09:55","date_gmt":"2024-07-31T17:09:55","guid":{"rendered":"https:\/\/granada.wordcamp.org\/2024\/?post_type=wcb_session&#038;p=3900"},"modified":"2024-09-24T18:31:45","modified_gmt":"2024-09-24T16:31:45","slug":"wordcamp-connect-ii","status":"publish","type":"wcb_session","link":"https:\/\/granada.wordcamp.org\/2024\/session\/wordcamp-connect-ii\/","title":{"rendered":"WordCamp Connect: El uso de la IA en la generaci\u00f3n de contenido (GenAI)"},"content":{"rendered":"\n<p class=\"wp-block-paragraph\"><strong>WordCamp Connect<\/strong> ofrece una plataforma abierta dedicada a fomentar la participaci\u00f3n de la comunidad de WordPress. Estas sesiones est\u00e1n dise\u00f1adas como un espacio colaborativo para la lluvia de ideas, debates interesantes y creaci\u00f3n colectiva.<\/p>\n\n\n\n<p class=\"wp-block-paragraph\">Esta sesi\u00f3n de #WCConnect tratar\u00e1 sobre <strong>El uso de la IA en la generaci\u00f3n de contenido (GenAI)<\/strong>. Dejamos aqu\u00ed algunas ideas sobre temas que podr\u00edamos comentar:<\/p>\n\n\n\n<ul class=\"wp-block-list\">\n<li>Integraci\u00f3n de IA en WordPress para la creaci\u00f3n automatizada de contenido.<\/li>\n\n\n\n<li>Personalizaci\u00f3n del contenido basado en IA para mejorar la experiencia del usuario.<\/li>\n\n\n\n<li>Desaf\u00edos \u00e9ticos y de calidad en el uso de la IA para la generaci\u00f3n de contenido.<br><br><strong>Dirigidos por miembros experimentados de la comunidad<\/strong>, invitamos a todos los asistentes a WordCamp a participar, compartir ideas y hacer o\u00edr sus voces.<\/li>\n<\/ul>\n","protected":false},"excerpt":{"rendered":"<p>WordCamp Connect ofrece una plataforma abierta dedicada a fomentar la participaci\u00f3n de la comunidad de WordPress. Estas sesiones est\u00e1n dise\u00f1adas como un espacio colaborativo para la lluvia de ideas, debates interesantes y creaci\u00f3n colectiva. Esta sesi\u00f3n de #WCConnect tratar\u00e1 sobre El uso de la IA en la generaci\u00f3n de contenido (GenAI). Dejamos aqu\u00ed algunas ideas [&hellip;]<\/p>\n","protected":false},"author":15146452,"featured_media":0,"template":"","meta":{"_crdt_document":"","jetpack_post_was_ever_published":false,"_wcpt_session_time":1729949100,"_wcpt_session_duration":2400,"_wcpt_session_type":"session","_wcpt_session_slides":"","_wcpt_session_video":"","_wcpt_speaker_id":[],"footnotes":""},"session_track":[50],"session_category":[],"class_list":["post-3900","wcb_session","type-wcb_session","status-publish","hentry","wcb_track-track-wc-connect"],"jetpack_sharing_enabled":true,"session_date_time":{"date":"26 de octubre de 2024","time":"3:25 PM"},"session_speakers":[],"session_cats_rendered":null,"_links":{"self":[{"href":"https:\/\/granada.wordcamp.org\/2024\/wp-json\/wp\/v2\/sessions\/3900","targetHints":{"allow":["GET"]}}],"collection":[{"href":"https:\/\/granada.wordcamp.org\/2024\/wp-json\/wp\/v2\/sessions"}],"about":[{"href":"https:\/\/granada.wordcamp.org\/2024\/wp-json\/wp\/v2\/types\/wcb_session"}],"author":[{"embeddable":true,"href":"https:\/\/granada.wordcamp.org\/2024\/wp-json\/wp\/v2\/users\/15146452"}],"version-history":[{"count":9,"href":"https:\/\/granada.wordcamp.org\/2024\/wp-json\/wp\/v2\/sessions\/3900\/revisions"}],"predecessor-version":[{"id":4653,"href":"https:\/\/granada.wordcamp.org\/2024\/wp-json\/wp\/v2\/sessions\/3900\/revisions\/4653"}],"wp:attachment":[{"href":"https:\/\/granada.wordcamp.org\/2024\/wp-json\/wp\/v2\/media?parent=3900"}],"wp:term":[{"taxonomy":"wcb_track","embeddable":true,"href":"https:\/\/granada.wordcamp.org\/2024\/wp-json\/wp\/v2\/session_track?post=3900"},{"taxonomy":"wcb_session_category","embeddable":true,"href":"https:\/\/granada.wordcamp.org\/2024\/wp-json\/wp\/v2\/session_category?post=3900"}],"curies":[{"name":"wp","href":"https:\/\/api.w.org\/{rel}","templated":true}]}}

WordCamp Connect: El uso de la IA en la generación de contenido (GenAI)

<p class="wp-block-paragraph"><strong>WordCamp Connect</strong> ofrece una plataforma abierta dedicada a fomentar la participación de la comunidad de WordPress. Estas sesiones están diseñadas como un espacio colaborativo para la lluvia de ideas, debates interesantes y creación colectiva.</p>



<p class="wp-block-paragraph">Esta sesión de #WCConnect tratará sobre <strong>El uso de la IA en la generación de contenido (GenAI)</strong>. Dejamos aquí algunas ideas sobre temas que podríamos comentar:</p>



<ul class="wp-block-list">
<li>Integración de IA en WordPress para la creación automatizada de contenido.</li>



<li>Personalización del contenido basado en IA para mejorar la experiencia del usuario.</li>



<li>Desafíos éticos y de calidad en el uso de la IA para la generación de contenido.<br><br><strong>Dirigidos por miembros experimentados de la comunidad</strong>, invitamos a todos los asistentes a WordCamp a participar, compartir ideas y hacer oír sus voces.</li>
</ul>

<p>WordCamp Connect ofrece una plataforma abierta dedicada a fomentar la participación de la comunidad de WordPress. Estas sesiones están diseñadas como un espacio colaborativo para la lluvia de ideas, debates interesantes y creación colectiva. Esta sesión de #WCConnect tratará sobre El uso de la IA en la generación de contenido (GenAI). Dejamos aquí algunas ideas [&hellip;]</p>
