{"id":5505,"date":"2024-10-08T19:55:16","date_gmt":"2024-10-08T17:55:16","guid":{"rendered":"https:\/\/granada.wordcamp.org\/2024\/?post_type=wcb_session&#038;p=5505"},"modified":"2024-10-08T21:31:33","modified_gmt":"2024-10-08T19:31:33","slug":"cata-de-vino-ecologico","status":"publish","type":"wcb_session","link":"https:\/\/granada.wordcamp.org\/2024\/session\/cata-de-vino-ecologico\/","title":{"rendered":"Degustaci\u00f3n de Vino Ecol\u00f3gico Bodegas M\u00e9ndez Moya"},"content":{"rendered":"\n<p class=\"wp-block-paragraph\">Al finalizar el evento, la bodega <a href=\"https:\/\/www.mendezmoya.com\/\">Mendez Moya<\/a> nos obsequiar\u00e1 con una cata de vino <strong>100% ecol\u00f3gicos, veganos y sin sulfitos a\u00f1adidos<\/strong>, elaborados con <strong>uvas de producci\u00f3n propia<\/strong>, respetando el medio ambiente y preservando la calidad del vi\u00f1edo.<\/p>\n\n\n\n<p class=\"wp-block-paragraph\">Este espacio es una excelente oportunidad para cerrar la jornada en un ambiente relajado, degustando productos locales de calidad y hacer networking antes de irnos a la <a href=\"https:\/\/granada.wordcamp.org\/2024\/afterparty\/\" data-type=\"page\" data-id=\"4458\">After Party<\/a>.<\/p>\n\n\n\n<p class=\"wp-block-paragraph\">Sobre <a href=\"https:\/\/www.mendezmoya.com\/\">Mendez Moya<\/a>:<\/p>\n\n\n\n<p class=\"wp-block-paragraph\">Somos una bodega familiar en la localidad de <strong>D\u00f3lar, <\/strong>provincia de Granada \u2013 Espa\u00f1a.<br>En el a\u00f1o 2000 decidimos cambiar los cultivos tradicionales por la viticultura, que siempre hab\u00eda formado parte de nuestras costumbres.<\/p>\n","protected":false},"excerpt":{"rendered":"<p>Al finalizar el evento, la bodega Mendez Moya nos obsequiar\u00e1 con una cata de vino 100% ecol\u00f3gicos, veganos y sin sulfitos a\u00f1adidos, elaborados con uvas de producci\u00f3n propia, respetando el medio ambiente y preservando la calidad del vi\u00f1edo. Este espacio es una excelente oportunidad para cerrar la jornada en un ambiente relajado, degustando productos locales [&hellip;]<\/p>\n","protected":false},"author":16614963,"featured_media":0,"template":"","meta":{"_crdt_document":"","jetpack_post_was_ever_published":false,"_wcpt_session_time":1729962900,"_wcpt_session_duration":1800,"_wcpt_session_type":"session","_wcpt_session_slides":"","_wcpt_session_video":"","_wcpt_speaker_id":[],"footnotes":""},"session_track":[46,44,50],"session_category":[],"class_list":["post-5505","wcb_session","type-wcb_session","status-publish","hentry","wcb_track-track-alhambra","wcb_track-track-sierra-nevada","wcb_track-track-wc-connect"],"jetpack_sharing_enabled":true,"session_date_time":{"date":"26 de octubre de 2024","time":"7:15 PM"},"session_speakers":[],"session_cats_rendered":null,"_links":{"self":[{"href":"https:\/\/granada.wordcamp.org\/2024\/wp-json\/wp\/v2\/sessions\/5505","targetHints":{"allow":["GET"]}}],"collection":[{"href":"https:\/\/granada.wordcamp.org\/2024\/wp-json\/wp\/v2\/sessions"}],"about":[{"href":"https:\/\/granada.wordcamp.org\/2024\/wp-json\/wp\/v2\/types\/wcb_session"}],"author":[{"embeddable":true,"href":"https:\/\/granada.wordcamp.org\/2024\/wp-json\/wp\/v2\/users\/16614963"}],"version-history":[{"count":7,"href":"https:\/\/granada.wordcamp.org\/2024\/wp-json\/wp\/v2\/sessions\/5505\/revisions"}],"predecessor-version":[{"id":5515,"href":"https:\/\/granada.wordcamp.org\/2024\/wp-json\/wp\/v2\/sessions\/5505\/revisions\/5515"}],"wp:attachment":[{"href":"https:\/\/granada.wordcamp.org\/2024\/wp-json\/wp\/v2\/media?parent=5505"}],"wp:term":[{"taxonomy":"wcb_track","embeddable":true,"href":"https:\/\/granada.wordcamp.org\/2024\/wp-json\/wp\/v2\/session_track?post=5505"},{"taxonomy":"wcb_session_category","embeddable":true,"href":"https:\/\/granada.wordcamp.org\/2024\/wp-json\/wp\/v2\/session_category?post=5505"}],"curies":[{"name":"wp","href":"https:\/\/api.w.org\/{rel}","templated":true}]}}

Degustación de Vino Ecológico Bodegas Méndez Moya

<p class="wp-block-paragraph">Al finalizar el evento, la bodega <a href="https://www.mendezmoya.com/">Mendez Moya</a> nos obsequiará con una cata de vino <strong>100% ecológicos, veganos y sin sulfitos añadidos</strong>, elaborados con <strong>uvas de producción propia</strong>, respetando el medio ambiente y preservando la calidad del viñedo.</p>



<p class="wp-block-paragraph">Este espacio es una excelente oportunidad para cerrar la jornada en un ambiente relajado, degustando productos locales de calidad y hacer networking antes de irnos a la <a href="https://granada.wordcamp.org/2024/afterparty/" data-type="page" data-id="4458">After Party</a>.</p>



<p class="wp-block-paragraph">Sobre <a href="https://www.mendezmoya.com/">Mendez Moya</a>:</p>



<p class="wp-block-paragraph">Somos una bodega familiar en la localidad de <strong>Dólar, </strong>provincia de Granada – España.<br>En el año 2000 decidimos cambiar los cultivos tradicionales por la viticultura, que siempre había formado parte de nuestras costumbres.</p>

<p>Al finalizar el evento, la bodega Mendez Moya nos obsequiará con una cata de vino 100% ecológicos, veganos y sin sulfitos añadidos, elaborados con uvas de producción propia, respetando el medio ambiente y preservando la calidad del viñedo. Este espacio es una excelente oportunidad para cerrar la jornada en un ambiente relajado, degustando productos locales [&hellip;]</p>
